{"id":80,"date":"2018-05-14T10:46:56","date_gmt":"2018-05-14T10:46:56","guid":{"rendered":"http:\/\/jjc-peine.de\/?page_id=80"},"modified":"2025-09-10T09:43:30","modified_gmt":"2025-09-10T09:43:30","slug":"mitgliedschaft","status":"publish","type":"page","link":"https:\/\/jjc-peine.de\/?page_id=80","title":{"rendered":"Beitritt in den Verein"},"content":{"rendered":"\n<h2 class=\"wp-block-heading\"><a href=\"http:\/\/jjc-peine.de\/wp-content\/uploads\/2025\/09\/Beitrittserklaerung-2025.pdf\">DOWNLOAD: Beitrittserkl\u00e4rung 2025<\/a><\/h2>\n\n\n\n<h2 class=\"wp-block-heading\">&nbsp;<\/h2>\n\n\n\n<h2 class=\"wp-block-heading\">Mitgliedsbeitr\u00e4ge<\/h2>\n\n\n\n<p>Wenn das erste Training und die weiteren Einheiten Spa\u00df gemacht haben, spielt man mit dem Gedanken Mitglied werden zu wollen. Damit ihr wisst, wie teuer die Mitgliedschaft ist, sind hier die monatlichen Beitr\u00e4ge aufgelistet:<\/p>\n\n\n\n<p>&#8211; Erwachsene einschlie\u00dflich Familienangeh\u00f6rige: 20,00 \u20ac<br>&#8211; Erwachsene (ledig): 18,00 \u20ac<br>&#8211; Jugendliche ab 13 Jahren und Auszubildende: 8,50 \u20ac<br>&#8211; Kinder bis 12 Jahren: 7,00 \u20ac<\/p>\n\n\n\n<h4 class=\"wp-block-heading\"><strong>Es gibt keine K\u00fcndigungs- und Bindungsfristen.<\/strong><\/h4>\n\n\n\n<p><\/p>\n","protected":false},"excerpt":{"rendered":"<p>DOWNLOAD: Beitrittserkl\u00e4rung 2025 &nbsp; Mitgliedsbeitr\u00e4ge Wenn das erste Training und die weiteren Einheiten Spa\u00df gemacht haben, spielt man mit dem<\/p>\n","protected":false},"author":1,"featured_media":0,"parent":0,"menu_order":0,"comment_status":"closed","ping_status":"closed","template":"","meta":{"footnotes":""},"class_list":["post-80","page","type-page","status-publish","hentry"],"_links":{"self":[{"href":"https:\/\/jjc-peine.de\/index.php?rest_route=\/wp\/v2\/pages\/80","targetHints":{"allow":["GET"]}}],"collection":[{"href":"https:\/\/jjc-peine.de\/index.php?rest_route=\/wp\/v2\/pages"}],"about":[{"href":"https:\/\/jjc-peine.de\/index.php?rest_route=\/wp\/v2\/types\/page"}],"author":[{"embeddable":true,"href":"https:\/\/jjc-peine.de\/index.php?rest_route=\/wp\/v2\/users\/1"}],"replies":[{"embeddable":true,"href":"https:\/\/jjc-peine.de\/index.php?rest_route=%2Fwp%2Fv2%2Fcomments&post=80"}],"version-history":[{"count":9,"href":"https:\/\/jjc-peine.de\/index.php?rest_route=\/wp\/v2\/pages\/80\/revisions"}],"predecessor-version":[{"id":1389,"href":"https:\/\/jjc-peine.de\/index.php?rest_route=\/wp\/v2\/pages\/80\/revisions\/1389"}],"wp:attachment":[{"href":"https:\/\/jjc-peine.de\/index.php?rest_route=%2Fwp%2Fv2%2Fmedia&parent=80"}],"curies":[{"name":"wp","href":"https:\/\/api.w.org\/{rel}","templated":true}]}}